ivisor of 3543500 and 420?
20
Calculate the greatest common divisor of 338106747 and 33.
33
What is the greatest common factor of 323556324 and 2353?
2353
What is the highest common divisor of 648130 and 770?
70
Calculate the greatest common divisor of 378 and 2178.
18
Calculate the greatest common factor of 41023194 and 18.
6
Calculate the highest common factor of 266 and 26418854.
266
Calculate the greatest common divisor of 4984 and 36197.
7
What is the greatest common divisor of 373496 and 3584?
8
Calculate the greatest common factor of 1601964 and 896.
28
Calculate the highest common factor of 160872972 and 26.
26
What is the highest common factor of 11648858 and 416?
26
What is the highest common factor of 1236976872 and 96?
24
Calculate the highest common divisor of 32 and 491949848.
8
What is the greatest common divisor of 26012 and 10567375?
6503
What is the greatest common divisor of 332890152 and 56?
56
What is the greatest common divisor of 28561247 and 858?
143
What is the highest common factor of 1066532 and 8?
4
Calculate the greatest common divisor of 5324 and 126852.
44
Calculate the greatest common factor of 8175 and 301.
1
What is the greatest common factor of 24 and 20922840?
24
Calculate the highest common factor of 2 and 33465042.
2
Calculate the highest common divisor of 223508 and 8332756.
3148
What is the greatest common divisor of 369 and 60720631?
41
Calculate the highest common divisor of 4840 and 364328580.
2420
What is the highest common divisor of 1197171 and 513?
171
What is the greatest common divisor of 9457 and 6606583?
193
What is the greatest common divisor of 567 and 73289475?
189
Calculate the highest common divisor of 641877 and 1425.
57
What is the greatest common factor of 284 and 417836?
4
What is the greatest common factor of 3048 and 20648168?
1016
Calculate the greatest common divisor of 3300 and 3492400.
100
What is the greatest common divisor of 2782 and 603373?
107
What is the greatest common divisor of 536334 and 24992?
142
What is the greatest common divisor of 23518705 and 5298?
883
Calculate the highest common divisor of 8842455 and 1605.
15
What is the highest common divisor of 50700 and 2343900?
3900
Calculate the highest common divisor of 1351 and 15101478.
1351
Calculate the greatest common factor of 38470 and 230.
10
What is the highest common divisor of 227581886 and 91504?
11438
Calculate the highest common factor of 56 and 27300938.
14
What is the highest common divisor of 3900438 and 21219?
1929
What is the greatest common divisor of 2482 and 59760136?
146
Calculate the highest common divisor of 261777 and 22578.
213
What is the greatest common factor of 236 and 196892?
4
What is the highest common divisor of 8580 and 17048?
4
Calculate the greatest common divisor of 9102 and 235693256.
3034
Calculate the highest common factor of 1070591 and 46159.
1489
What is the highest common divisor of 875 and 92891050?
175
What is the greatest common divisor of 167604088 and 136?
136
What is the greatest common factor of 46695867 and 393?
393
Calculate the highest common factor of 70 and 6297095.
35
What is the greatest common factor of 446330 and 1930?
10
What is the highest common divisor of 1093 and 28198307?
1093
What is the greatest common divisor of 18786 and 979662?
186
Calculate the greatest common divisor of 208 and 844298.
26
What is the highest common factor of 5143 and 7817397?
37
What is the greatest common factor of 2454 and 8256074?
818
What is the highest common divisor of 77221 and 1395806?
1457
Calculate the highest common factor of 3582 and 56518786.
398
What is the greatest common factor of 32 and 181021472?
32
What is the greatest common factor of 5856308 and 125828?
1516
Calculate the highest common divisor of 2235 and 753945.
15
Calculate the greatest common factor of 58280 and 12086900.
620
Calculate the greatest common divisor of 183862 and 19166.
14
Calculate the greatest common divisor of 9988 and 3709180.
908
Calculate the highest common divisor of 164 and 1044926.
82
What is the greatest common factor of 486000 and 104000?
2000
Calculate the greatest common factor of 813459 and 1265037.
3093
What is the greatest common factor of 185581590 and 120?
30
Calculate the highest common factor of 22671758 and 4.
2
Calculate the greatest common divisor of 131901 and 1727957.
77
Calculate the greatest common divisor of 5640360 and 3810.
30
What is the greatest common divisor of 1449632 and 19224?
712
What is the highest common factor of 2349 and 26379?
27
What is the highest common factor of 16378 and 17421020?
862
What is the highest common factor of 997697 and 3015?
67
Calculate the greatest common divisor of 78373 and 12.
1
Calculate the greatest common factor of 6724191 and 6.
3
Calculate the highest common divisor of 3196 and 161175079.
799
What is the greatest common factor of 4584 and 336744078?
1146
Calculate the greatest common divisor of 21600 and 3799440.
2160
Calculate the highest common factor of 5172 and 3668672.
1724
What is the greatest common divisor of 1985558 and 148465?
1291
Calculate the greatest common factor of 8409976 and 8.
8
Calculate the greatest common divisor of 108 and 176664.
12
Calculate the greatest common divisor of 963732 and 5788948.
6556
Calculate the greatest common factor of 9400 and 1969840.
40
Calculate the greatest common divisor of 425614 and 2150.
86
Calculate the greatest common divisor of 63172656 and 4626.
4626
Calculate the highest common divisor of 693511 and 28756.
91
Calculate the highest common factor of 2 and 23754989.
1
What is the highest common factor of 107 and 15668759?
107
Calculate the highest common divisor of 384190 and 395380.
3730
Calculate the greatest common factor of 276450 and 435.
15
What is the greatest common divisor of 595922888 and 44?
44
Calculate the highest common divisor of 74097900 and 3340.
3340
What is the highest common factor of 1042245 and 732195?
2385
Calculate the highest common factor of 35145 and 115630245.
3195
Calculate the greatest common divisor of 114 and 2366697.
57
What is the greatest common factor of 72 and 4400982?
18
Calculate the highest common factor of 3892420 and 2215.
5
Calculate the greatest common divisor of 3979680 and 1395.
15
Calculate the greatest common factor of 20 and 17845510.
10
Calculate the highest common divisor of 48 and 206251104.
48
Calculate the greatest common factor of 1440 and 4582944.
288
Calculate the greatest common factor of 8451 and 397899.
27
Calculate the highest common divisor of 19782 and 260878422.
6594
Calculate the highest common divisor of 2136 and 205332.
12
What is the highest common factor of 19013382 and 42857?
2521
What is the highest common factor of 55 and 425546550?
55
Calculate the highest common divisor of 380110941 and 133.
133
What is the greatest common factor of 91165903 and 5281?
5281
What is the greatest common factor of 185470238 and 4744?
1186
What is the highest common divisor of 6636 and 4220338?
158
What is the greatest common factor of 58 and 267376?
2
What is the highest common factor of 82622536 and 9284?
844
What is the greatest common factor of 726283155 and 1560?
195
What is the highest common divisor of 4010752 and 1280?
256
Calculate the greatest common factor of 550458 and 289539.
477
Calculate the highest common divisor of 8760 and 551442.
438
What is the greatest common factor of 2064851 and 1645?
47
Calculate the greatest common factor of 3156570 and 4536.
162
Calculate the greatest common divisor of 2809471 and 476.
119
Calculate the highest common divisor of 132360 and 63540.
60
Calculate the highest common factor of 74822 and 8689197.
1969
Calculate the highest common factor of 259 and 1036777.
259
Calculate the greatest common divisor of 76449 and 2278.
17
Calculate the highest common divisor of 9195570 and 22410.
7470
What is the greatest common factor of 65941065 and 360?
45
What is the greatest common factor of 2331 and 69153?
777
What is the greatest common factor of 754 and 44602?
58
What is the greatest common factor of 279080935 and 210?
35
Calculate the greatest common factor of 24448 and 410528.
32
Calculate the highest common factor of 19 and 293500581.
19
What is the greatest common facto